/(-6).
2, 29
List the prime factors of 27059709/887 + (-4)/(1*-2) + 0.
30509
Suppose -2*q + 5*q - 4*h - 12 = 0, -3*q - 3*h + 12 = 0. Suppose q*p - p = 6, 4*k - 5*p = 1074. What are the prime factors of k?
271
Suppose -2*g - 2*z + 5*z + 15 = 0, -g + 2*z = -9. Suppose 3*v + 780 = g*p, 2*p - 515 = -2*v + 3*v. Let x = 427 - p. List the prime factors of x.
2, 43
Let o = -8610 + 12590. What are the prime factors of o?
2, 5, 199
Let o = 220 - 441. Let x = o + 254. What are the prime factors of x?
3, 11
Suppose 2*m + z - 5 = 0, 2*m - 25*z + 20*z - 11 = 0. Suppose m*i + 4*v = -0*v + 1986, -4*i + 2648 = 3*v. List the prime factors of i.
2, 331
Let d(t) = 245*t - 245. List the prime factors of d(29).
2, 5, 7
Let h = 42 + -40. Let d(i) = -2*i**3 + 4*i**2 - 4*i - 1. Let g be d(h). List the prime factors of g/18 - (-270)/4.
67
Let k = -1393 + 5497. Suppose 6*t - k = 1626. List the prime factors of t.
5, 191
Let f(d) = 246*d**2 - 217*d - 18. List the prime factors of f(-8).
2, 8731
What are the prime factors of 2*62307/28*22/3?
3, 11, 23, 43
Suppose 5*r + 0*r - 27 = 2*f, 4*f - 2*r = -14. List the prime factors of ((-2)/(-6))/(f/(-213)).
71
Let m(w) = w**3 - 45*w**2 + 215*w - 115. List the prime factors of m(50).
5, 7, 661
Suppose 13*a - 19*a + 12 = 0. Let j be a/2*(-1 - -6). Suppose -3*y + 3*s - 237 = -j*y, -5*s - 507 = -4*y. List the prime factors of y.
3, 41
Suppose -15 = 5*a, -5*r + 3*a + 25 + 9 = 0. Let j(y) = 108*y - 35. List the prime factors of j(r).
5, 101
Suppose -3*y - 2420 = -13*y. Suppose 0*k - 254 = i + 4*k, 0 = i + k + y. List the prime factors of ((-16)/4)/4*i.
2, 7, 17
Let w be (-4)/(-14) + 50/(-175). Suppose -23*g + 13687 - 1175 = w. List the prime factors of g.
2, 17
Suppose -18*o + 27*o - 218286 = -0*o. What are the prime factors of o?
2, 67, 181
Suppose 101*v + 4360 = 96*v. Let s = v - -1589. List the prime factors of s.
3, 239
Suppose -5*x + 5234 = 2*w - 16801, 2*x = -w + 11016. List the prime factors of w.
2, 3, 5, 367
Suppose 2*j - 4*j = 5*n - 26, 0 = 5*n - 2*j - 14. Let t be -76*n/(-8) + 4. Let f = t - 38. What are the prime factors of f?
2
Let w be (-5)/(5/2) + 4. Suppose -3*s - 5*p = -266 - 176, -w*s + 4*p = -302. Let r = s + -77. What are the prime factors of r?
2, 3
Suppose m = 10*m + 11*m - 3940. Suppose -2*l - 5*w + 1351 = 2*l, 5*l = -w + 1694. Let p = l - m. What are the prime factors of p?
2, 71
List the prime factors of 110 + -85 + -4 + 24759.
2, 3, 5, 7, 59
Suppose -14611 = -x - 4*r - 1609, 0 = 13*x + r - 168669. List the prime factors of x.
2, 13, 499
Let r(w) = 5*w**2 + 5*w + 2. Let t be r(-3). Suppose 2*g = 10*g - t. Suppose 4*o - 5*o - g*j + 33 = 0, o + 3*j - 32 = 0. What are the prime factors of o?
29
Suppose -163*n = -172*n + 65826. What are the prime factors of n?
2, 3, 23, 53
Let o be ((-3 - -3) + -1)*(1 - 8). Let k(h) = 2*h - 3. Let m be k(3). Suppose m*p - o*p = -256. What are the prime factors of p?
2
Suppose -3*x = -t - 3 + 12, x = 3*t - 27. Suppose -t*h = -2*h - 2989. What are the prime factors of 14/(-35) - h/(-5)?
5, 17
Suppose 123*t - 21*t = 577116. What are the prime factors of t?
2, 3, 23, 41
Suppose 0 = -2*d + 4*p - 8, -18 - 14 = -2*d - 4*p. Let a be 20142/24 + 3/4. Suppose 2*g + a = d*g. List the prime factors of g.
2, 3, 5, 7
Let a be -2391*(-2)/4*12/9. Let l = -944 + a. What are the prime factors of l?
2, 5, 13
Let a be 4/(-3) - -32*40/15. Suppose -85*d + a*d = -12. List the prime factors of d.
2, 3
Let c = -817 + 6606. List the prime factors of c.
7, 827
Let d(h) = h**2 + 25*h + 148. Let a be d(-16). Suppose -2*g + 355 + 251 = -2*k, -1224 = -a*g - 2*k. What are the prime factors of g?
5, 61
Suppose -4*r = -y - 0*y - 9, 5*r = 5*y. Suppose -2*x = 4, 6*q - y*q - 1183 = -4*x. Suppose -11*b + 362 + q = 0. What are the prime factors of b?
3, 23
Suppose 1243*j - 15477 = -p + 1245*j, -3*p + 3*j = -46440. List the prime factors of p.
3, 13, 397
Let q = -99 - 501. Let h = 1061 + q. What are the prime factors of h?
461
Let i(n) = 181*n**2 + 169*n - 17. What are the prime factors of i(21)?
19, 41, 107
Let k(g) = g**3 - 6*g**2 - 31*g + 18. Let t be k(9). Let c(m) = -63*m + 159. List the prime factors of c(t).
3, 431
What are the prime factors of (1 + 3620)*(-700)/(-420)?
5, 17, 71
Suppose -240196 + 1490473 = 29*d. What are the prime factors of d?
3, 7, 2053
Let q(u) = -127*u + 26. Let d be q(-3). Suppose -5*s - 2713 = -4*r - d, -2*s = r - 583. List the prime factors of r.
3, 193
Suppose 4*s - 57 = -3*q, -2*q - 13 = -2*s + 19. Suppose -12845 = -s*y - 3380. What are the prime factors of y?
631
Let r(n) = 5*n**2 - 6*n - 4. Let f be r(11). Let a = 950 - f. Suppose -5*j = 2*d - a, 157 = 5*j + d - 258. What are the prime factors of j?
83
Let c be 42/(-35)*(-80)/6. Suppose c*t - 1566 - 626 = 0. List the prime factors of t.
137
Let t be 2 - -648 - (-26 - -25). Suppose -5*u = -5*m - 1345, -5*u + m = -686 - t. List the prime factors of u.
3, 89
Let m(h) = 8*h**2 - 3*h + 49. What are the prime factors of m(34)?
3, 5, 613
Let t(g) be the third derivative of -1/120*g**6 + 0 - 5*g**2 + 0*g - 1/60*g**5 - g**3 + 1/4*g**4. What are the prime factors of t(-5)?
2
What are the prime factors of (290/(-4))/(410/(-378512))?
2, 29, 577
Suppose 2*k = 6*k + 2088. Let h = -891 - k. Let v = -149 - h. What are the prime factors of v?
2, 5, 11
Let y(h) = -127*h + 4792. What are the prime factors of y(-32)?
2, 3, 41
Let f = -30 + 0. List the prime factors of (1797/2 - -3)*(-40)/f.
2, 601
Let g(d) = 3*d**3 + 21*d**2 + 64*d + 13. Let j be g(-10). Let v = -428 - j. List the prime factors of v.
7, 157
Suppose -5*b + 133*z - 128*z = -44430, z = -2*b + 17763. List the prime factors of b.
3, 7, 47
Let h(a) = 642*a - 5314. List the prime factors of h(36).
2, 11, 809
Suppose 18*f - 53434 = -2*a + 23*f, 0 = -5*a + 3*f + 133566. What are the prime factors of a?
2, 3, 7, 53
Suppose 10959 = -86*o + 204115. List the prime factors of o.
2, 1123
What are the prime factors of 4738/(-6)*(-75 + 72)?
23, 103
Suppose -76*y + 78*y - 8 = 0. Suppose 816 = y*i + 28. What are the prime factors of i?
197
Suppose -231 = 4*q - 271. What are the prime factors of -3 + q/(-15)*-78?
7
Let n(c) = c**2 + 2*c + 22. Suppose 2*o = 8 - 0. Suppose 3*v + 2*i + i = -42, 0 = v + o*i + 29. What are the prime factors of n(v)?
5, 17
Let o(r) = -29*r + 12. Let c be (-30)/8 + 20/(-80). What are the prime factors of o(c)?
2
Let b(i) be the second derivative of -i**5/20 + 7*i**4/6 + 5*i**3/2 - 7*i. Let y be b(15). Suppose -8*t + t + 259 = y. List the prime factors of t.
37
Let z(a) = -3355*a**3 + 5*a**2 - 20*a - 58. List the prime factors of z(-2).
2, 13421
Suppose 74*j - 896893 = -125*j. What are the prime factors of j?
4507
Let v(y) = -346*y - 1638. List the prime factors of v(-71).
2, 1433
Let t be 6/10 - (0 - (-12)/(-30)). Suppose 7*a = 8*a + t. List the prime factors of 0*2/4 + (-21)/a.
3, 7
Let v = -6737 + 15754. What are the prime factors of v?
71, 127
Suppose -2*n + n + 160 = -2*t, -4*n = -5*t - 625. List the prime factors of 2/(-12) + 92425/n.
2, 7, 11
Let b(a) = -13*a - 23. Suppose -72 = -5*k + 2*c - 0, 2*k = 3*c + 20. Let i = k - 23. List the prime factors of b(i).
2, 17
Suppose 4*a = -7*a + 66. Suppose 96*s - 94*s = a. What are the prime factors of s?
3
Let l(x) = -x**3 - 39*x**2 - 9*x - 47. Let r be l(-39). Let m = 389 - r. What are the prime factors of m?
5, 17
Suppose 2*x - 133*d + 131*d - 25318 = 0, 4*x - 5*d - 50639 = 0. List the prime factors of x.
2, 7, 113
Suppose 0 = -121*t + 119*t + 10260. List the prime factors of t.
2, 3, 5, 19
Let g(a) be the first derivative of 2*a**3/3 + 3*a**2/2 - 8*a - 17. Let s be g(6). List the prime factors of (s/4)/((-5)/(-10)).
41
Suppose -28*f - 2*j + 55510 = -24*f, -j = 5*f - 69395. What are the prime factors of f?
2, 5, 347
Let g(o) = 94*o. Let q be ((-22)/(-55))/((-3)/(-30)). What are the prime factors of g(q)?
2, 47
Let w = -327 - -317. What are the prime factors of w/85 + 37197/153?
3
List the prime factors of 11565 - -37 - (-3 - -19).
2, 3, 1931
Let i(c) = 18*c + 36. Let r be i(-2). Suppose -4*o + a + 2718 = r, 7*a - 2708 = -4*o + 3*a. List the prime factors of o.
7, 97
What are the prime factors of (1 + (-151)/(-3))/((-520)/(-17940))?
7, 11, 23
Let r be (56/3)/((-3)/81*3). List the prime factors of (-8)/(-4 - 669/r).
2, 7
Let n be 